ivide 87728293?
True
Is 283833003 a multiple of 51?
True
Does 22 divide 194286972?
True
Does 153 divide 1403232768?
True
Does 1452 divide 11885697?
False
Does 107 divide 29967062?
True
Is 140621642 a multiple of 457?
True
Is 887284125 a multiple of 1215?
True
Is 26 a factor of 42240046?
False
Is 37433862 a multiple of 74?
True
Does 37 divide 126615458?
False
Is 6 a factor of 210894?
True
Is 4247 a factor of 1613647650?
True
Does 62 divide 16459364?
False
Does 17 divide 294332577?
True
Does 20 divide 336800840?
True
Does 6 divide 52708825?
False
Is 10 a factor of 70272358?
False
Is 7643 a factor of 701118791?
False
Is 813002120 a multiple of 2009?
True
Is 1219 a factor of 77529358?
False
Is 53997279 a multiple of 1169?
True
Is 472 a factor of 132715506?
False
Does 7 divide 122894625?
True
Is 648 a factor of 2241944485?
False
Is 53 a factor of 19168596?
False
Is 522342186 a multiple of 38?
True
Does 68 divide 76727992?
False
Is 1373 a factor of 107074778?
True
Is 4760455 a multiple of 7?
True
Is 20166420 a multiple of 255?
True
Is 55 a factor of 15699365?
True
Is 1135601850 a multiple of 2650?
True
Is 14 a factor of 111055364?
True
Does 26 divide 150365119?
False
Does 2755 divide 2046075135?
True
Does 38 divide 2696774?
False
Is 48801721 a multiple of 129?
False
Is 1409115324 a multiple of 12?
True
Is 73735630 a multiple of 11?
False
Does 3099 divide 680022867?
True
Is 113176292 a multiple of 92?
False
Is 973360452 a multiple of 16?
False
Is 175 a factor of 1332905175?
True
Is 134 a factor of 20255657?
False
Is 10200904 a multiple of 13?
False
Does 15 divide 596125830?
True
Is 891 a factor of 271975968?
True
Is 9781 a factor of 870694839?
True
Is 34303685 a multiple of 65?
True
Is 449 a factor of 4687773?
False
Does 19 divide 320864585?
False
Does 4 divide 24667032?
True
Is 55094306 a multiple of 11?
False
Is 1982 a factor of 13495438?
True
Does 216 divide 32002408?
False
Does 169 divide 383674954?
True
Does 126 divide 3909364166?
False
Does 25 divide 1950599?
False
Does 61 divide 82658815?
False
Does 1385 divide 2209530459?
False
Is 89765 a multiple of 13?
True
Does 145 divide 1397859160?
True
Does 14 divide 18419968?
True
Is 2 a factor of 6226267?
False
Is 1984 a factor of 41789964?
False
Does 6 divide 61105722?
True
Is 132965553 a multiple of 399?
True
Does 468 divide 2086119880?
False
Does 7 divide 16062067?
True
Is 1601 a factor of 15058991?
False
Is 559481675 a multiple of 774?
False
Is 63 a factor of 15093477?
True
Does 12 divide 48980196?
True
Is 137660320 a multiple of 152?
True
Is 1028182653 a multiple of 4?
False
Is 25 a factor of 161794?
False
Does 100 divide 23690500?
True
Is 2081147956 a multiple of 2199?
False
Is 139090021 a multiple of 5?
False
Is 1531 a factor of 150301332?
True
Is 113 a factor of 3168068?
True
Is 495 a factor of 309530139?
False
Is 753793991 a multiple of 3?
False
Is 195269763 a multiple of 13?
True
Is 124784890 a multiple of 230?
True
Is 820 a factor of 95490104?
False
Is 59 a factor of 661165147?
False
Does 476 divide 205480156?
True
Is 32997813 a multiple of 48?
False
Does 5 divide 101612150?
True
Is 146892680 a multiple of 40?
True
Does 20 divide 40828320?
True
Is 589984 a multiple of 5?
False
Is 508353956 a multiple of 41?
False
Is 422564678 a multiple of 14?
False
Is 666 a factor of 4686812829?
False
Is 32754271 a multiple of 37?
False
Is 142574184 a multiple of 6?
True
Is 2 a factor of 13336618?
True
Is 2459 a factor of 2712879455?
True
Does 575 divide 20549485?
False
Is 327 a factor of 101569143?
True
Does 9 divide 249393492?
True
Does 154 divide 1740134268?
False
Is 30 a factor of 790634148?
False
Does 5630 divide 4888480796?
False
Is 2119 a factor of 55352518?
True
Does 122 divide 85121962?
True
Is 2456 a factor of 14635304?
True
Is 24 a factor of 925244264?
False
Does 229 divide 10799869?
True
Is 329 a factor of 502262257?
True
Is 51324656 a multiple of 16?
True
Is 26 a factor of 7696854608?
False
Does 10 divide 595503426?
False
Is 22348275 a multiple of 285?
True
Is 858512862 a multiple of 10115?
False
Does 2899 divide 171801003?
False
Does 994 divide 101493543?
False
Does 3306 divide 4434941282?
False
Is 15 a factor of 19650795?
True
Does 68 divide 27500572?
False
Does 36 divide 1169948549?
False
Is 874 a factor of 126518977?
False
Is 5 a factor of 193072040?
True
Is 53 a factor of 1383922480?
False
Is 140213790 a multiple of 51?
True
Is 21 a factor of 37078260?
False
Is 1744 a factor of 463278928?
False
Does 4546 divide 99294113?
False
Is 35 a factor of 2340468415?
False
Is 167 a factor of 1781097935?
False
Is 736912948 a multiple of 3532?
True
Is 5 a factor of 1238715?
True
Is 1458 a factor of 7310412?
True
Is 474593448 a multiple of 7?
True
Does 880 divide 26573774?
False
Does 728 divide 27589744?
True
Does 14 divide 168498224?
False
Is 1996 a factor of 220326464?
True
Does 710 divide 4100429999?
False
Is 835520774 a multiple of 24?
False
Is 31 a factor of 57242678?
True
Is 6645042 a multiple of 18?
True
Does 3 divide 12407743?
False
Is 374 a factor of 37189415?
False
Does 42 divide 2265942?
True
Is 199 a factor of 2090725392?
False
Is 23144795 a multiple of 1309?
False
Is 22236690 a multiple of 1470?
True
Is 136950372 a multiple of 276?
True
Is 48884 a multiple of 2?
True
Is 57 a factor of 19935011?
False
Is 4696340 a multiple of 3?
False
Is 248829894 a multiple of 31?
False
Is 4730 a factor of 351159930?
True
Is 896665734 a multiple of 5802?
False
Is 2577 a factor of 198221221?
False
Does 10 divide 14779912?
False
Is 28316670 a multiple of 1695?
True
Does 77 divide 247318088?
False
Does 2622 divide 145294669?
False
Does 14 divide 19665058?
True
Is 9367532 a multiple of 23?
True
Does 2998 divide 141838378?
True
Is 967 a factor of 25282038?
False
Is 83950860 a multiple of 42?
True
Is 41 a factor of 87567636?
True
Is 623387765 a multiple of 1859?
True
Is 1272 a factor of 13845443?
False
Is 46 a factor of 136467855?
False
Is 299698351 a multiple of 15?
False
Is 1309 a factor of 101027422?
False
Is 110 a factor of 18591100?
True
Is 473670757 a multiple of 551?
False
Does 645 divide 32679309?
False
Is 264 a factor of 322695948?
False
Is 1191 a factor of 314021442?
True
Is 78 a factor of 654234282?
True
Is 51350513 a multiple of 514?
False
Does 258 divide 1382722104?
True
Does 738 divide 90500202?
True
Does 1397 divide 37289296?
False
Does 6 divide 57911746?
False
Is 13 a factor of 3319794064?
False
Does 13 divide 2217037786?
False
Is 43425810 a multiple of 90?
True
Is 1711 a factor of 12361975?
True
Is 105 a factor of 56143827?
False
Is 43149425 a multiple of 451?
True
Is 21603210 a multiple of 20?
False
Does 259 divide 1677851210?
True
Is 19 a factor of 374795031?
False
Does 20 divide 167213140?
True
Is 5009 a factor of 50197863?
False
Does 12 divide 7270361?
False
Does 43 divide 925460860?
False
Is 2109025804 a multiple of 77?
False
Is 100426922 a multiple of 593?
True
Is 124 a factor of 982248352?
False
Does 2 divide 233626428?
True
Is 18451308 a multiple of 3?
True
Is 886892590 a multiple of 2676?
False
Does 99 divide 111362416?
False
Is 92423842 a multiple of 1409?
False
Is 32487447 a multiple of 1249?
False
Is 68193009 a multiple of 29?
False
Is 412 a factor of 38834536?
False
Is 128 a factor of 4108239?
False
Is 252 a factor of 90088?
False
Does 135 divide 3549821355?
True
Does 12 divide 10916646?
False
Is 106 a factor of 405914976?
False
Is 4836595728 a multiple of 12?
True
Is 926 a factor of 389440412?
True
Is 24049625 a multiple of 277?
False
Is 241508912 a multiple of 3376?
True
Does 649 divide 158474479?
False
Is 52940756 a multiple of 1012?
True
Is 6 a factor of 374841119?
False
Does 56 divide 9069088?
True
Does 118 divide 209804?
True
Is 1361078270 a multiple of 4?
False
Does 55 divide 7142025?
True
Is 11 a factor of 35985202?
True
Is 2521 a factor of 434469140?
True
Is 143 a factor of 662429917?
False
Does 330 divide 30563424?
False
Is 93 a factor of 379823230?
False
Does 51 divide 82909930?
False
Is 101 a factor of 900120181?
True
Does 2 divide 3541497?
False
Is 93354496 a multiple of 289?
False
Does 132 divide 29592454?
False
Is 12 a factor of 85617924?
True
Does 22 divide 1842322372?
True
Does 531 divide 4820182767?
True
Is 4535504 a multiple of 395?
False
Is 2 a factor of 133